{"id":1069,"date":"2018-04-17T17:40:00","date_gmt":"2018-04-17T15:40:00","guid":{"rendered":"http:\/\/www.feuerwehr-volkmarode.de\/?post_type=einsatz&#038;p=1069"},"modified":"2020-08-22T16:15:15","modified_gmt":"2020-08-22T14:15:15","slug":"einsatz-11-2018","status":"publish","type":"einsatz","link":"https:\/\/www.feuerwehr-volkmarode.de\/?einsatz=einsatz-11-2018","title":{"rendered":"H2*Baum droht zu fallen"},"content":{"rendered":"<div dir=\"auto\">#Einsatz 11\/2018 &#x1f4df;17.04.18 \/ 17.40 Uhr *H2*Baum droht zu fallen*Am Papenholz<\/div>\n<div dir=\"auto\">&nbsp;<\/div>\n<div dir=\"auto\">Am sp\u00e4ten Nachmittag wurden unsere Kameradinnen und Kameraden zu einer technischen Hilfeleistung alarmiert. Vor Ort stellten wir fest, dass ein Baum in Schr\u00e4glage geraten war. Nach kurzer Lageerkundung entschieden wir uns gegen das Schneiden des Baumes, da die Gefahr einer Verdrehung des Stammes bzw. das H\u00e4ngenbleiben in anderen B\u00e4umen bestand. Wir sperrten den Bereich ab, um eine Gefahr f\u00fcr Spazierg\u00e4nger auszuschlie\u00dfen.&nbsp;<\/div>\n<div dir=\"auto\">Des Weiteren wurde eine Meldung an die Leitstelle abgegeben.&nbsp;<\/div>\n<div dir=\"auto\">&nbsp;<\/div>\n<div dir=\"auto\">Im Einsatz:&nbsp;<\/div>\n<div dir=\"auto\">FFw Volkmarode : &#x1f692; ELW<\/div>\n<div dir=\"auto\">&nbsp;<\/div>\n","protected":false},"author":3,"featured_media":1054,"template":"","meta":{"_monsterinsights_skip_tracking":false,"_monsterinsights_sitenote_active":false,"_monsterinsights_sitenote_note":"","_monsterinsights_sitenote_category":0,"spay_email":"","einsatz_weight":1,"jetpack_publicize_message":"","jetpack_is_tweetstorm":false,"jetpack_publicize_feature_enabled":true},"categories":[54],"tags":[90,96,89],"einsatzart":[35],"fahrzeug":[34],"exteinsatzmittel":[],"alarmierungsart":[88],"evw_unit":[],"aioseo_notices":[],"jetpack_publicize_connections":[],"jetpack_sharing_enabled":true,"_links":{"self":[{"href":"https:\/\/www.feuerwehr-volkmarode.de\/index.php?rest_route=\/wp\/v2\/einsatz\/1069"}],"collection":[{"href":"https:\/\/www.feuerwehr-volkmarode.de\/index.php?rest_route=\/wp\/v2\/einsatz"}],"about":[{"href":"https:\/\/www.feuerwehr-volkmarode.de\/index.php?rest_route=\/wp\/v2\/types\/einsatz"}],"author":[{"embeddable":true,"href":"https:\/\/www.feuerwehr-volkmarode.de\/index.php?rest_route=\/wp\/v2\/users\/3"}],"version-history":[{"count":3,"href":"https:\/\/www.feuerwehr-volkmarode.de\/index.php?rest_route=\/wp\/v2\/einsatz\/1069\/revisions"}],"predecessor-version":[{"id":49104,"href":"https:\/\/www.feuerwehr-volkmarode.de\/index.php?rest_route=\/wp\/v2\/einsatz\/1069\/revisions\/49104"}],"wp:featuredmedia":[{"embeddable":true,"href":"https:\/\/www.feuerwehr-volkmarode.de\/index.php?rest_route=\/wp\/v2\/media\/1054"}],"wp:attachment":[{"href":"https:\/\/www.feuerwehr-volkmarode.de\/index.php?rest_route=%2Fwp%2Fv2%2Fmedia&parent=1069"}],"wp:term":[{"taxonomy":"category","embeddable":true,"href":"https:\/\/www.feuerwehr-volkmarode.de\/index.php?rest_route=%2Fwp%2Fv2%2Fcategories&post=1069"},{"taxonomy":"post_tag","embeddable":true,"href":"https:\/\/www.feuerwehr-volkmarode.de\/index.php?rest_route=%2Fwp%2Fv2%2Ftags&post=1069"},{"taxonomy":"einsatzart","embeddable":true,"href":"https:\/\/www.feuerwehr-volkmarode.de\/index.php?rest_route=%2Fwp%2Fv2%2Feinsatzart&post=1069"},{"taxonomy":"fahrzeug","embeddable":true,"href":"https:\/\/www.feuerwehr-volkmarode.de\/index.php?rest_route=%2Fwp%2Fv2%2Ffahrzeug&post=1069"},{"taxonomy":"exteinsatzmittel","embeddable":true,"href":"https:\/\/www.feuerwehr-volkmarode.de\/index.php?rest_route=%2Fwp%2Fv2%2Fexteinsatzmittel&post=1069"},{"taxonomy":"alarmierungsart","embeddable":true,"href":"https:\/\/www.feuerwehr-volkmarode.de\/index.php?rest_route=%2Fwp%2Fv2%2Falarmierungsart&post=1069"},{"taxonomy":"evw_unit","embeddable":true,"href":"https:\/\/www.feuerwehr-volkmarode.de\/index.php?rest_route=%2Fwp%2Fv2%2Fevw_unit&post=1069"}],"curies":[{"name":"wp","href":"https:\/\/api.w.org\/{rel}","templated":true}]}}

<div dir="auto">#Einsatz 11/2018 &#x1f4df;17.04.18 / 17.40 Uhr *H2*Baum droht zu fallen*Am Papenholz</div>
<div dir="auto">&nbsp;</div>
<div dir="auto">Am späten Nachmittag wurden unsere Kameradinnen und Kameraden zu einer technischen Hilfeleistung alarmiert. Vor Ort stellten wir fest, dass ein Baum in Schräglage geraten war. Nach kurzer Lageerkundung entschieden wir uns gegen das Schneiden des Baumes, da die Gefahr einer Verdrehung des Stammes bzw. das Hängenbleiben in anderen Bäumen bestand. Wir sperrten den Bereich ab, um eine Gefahr für Spaziergänger auszuschließen.&nbsp;</div>
<div dir="auto">Des Weiteren wurde eine Meldung an die Leitstelle abgegeben.&nbsp;</div>
<div dir="auto">&nbsp;</div>
<div dir="auto">Im Einsatz:&nbsp;</div>
<div dir="auto">FFw Volkmarode : &#x1f692; ELW</div>
<div dir="auto">&nbsp;</div>
